39/(4/(-28)*-7). Suppose q - 171 = -4*l. Calculate the highest common factor of l and o.
8
Let s(l) be the third derivative of l**4/2 - 13*l**3/2 + 19*l**2 - 2. Let x be s(6). Calculate the greatest common factor of x and 66.
33
Let g(h) = -h**2 - 29*h + 123. Let x be g(-32). What is the highest common factor of x and 1179?
9
Suppose -3*h + 55 + 65 = 0. Suppose 5*d = -4*m + 72 + 52, -d - h = -m. Suppose 30*b - m = 28*b. What is the highest common factor of 6 and b?
6
Let v be (-3)/(-9) + 0 + 1040/(-6). Let n = 184 + v. What is the greatest common factor of n and 253?
11
Suppose 0 = 25*u - 1238 - 7537. Calculate the greatest common divisor of u and 624.
39
Let d = 910 + -908. Calculate the highest common divisor of 386 and d.
2
Let n(o) = 0*o - 12*o - 3*o + 6. Suppose 6*a = 5*t + 46, 12*a - 32 = t + 7*a. Let j be n(t). What is the greatest common divisor of j and 27?
9
Let f be 4*-1*(-38)/4. Let l(k) = -31621*k + 63508. Let b be l(2). Calculate the greatest common factor of b and f.
38
Suppose 115*k - 139*k + 312 = 0. Let g be 6/(-24) + 82/8. Suppose k - g = n. Calculate the highest common factor of n and 42.
3
Suppose 5*v = -l + 17, 3 = v + 2*v + 3*l. Suppose -s + v*h = 8*h - 260, -2*h + 550 = 2*s. Calculate the highest common factor of s and 56.
56
Suppose 637 + 337 = 3*g - 118. What is the highest common divisor of g and 56?
28
Let u(y) = -y**3 - 10*y**2 - 6*y - 7. Let c be u(-9). Let p = c - -39. Suppose 65 = 2*x - p*v, 0 = 5*v - 7 + 32. What is the greatest common factor of 5 and x?
5
Let p = 16785 + -16757. Calculate the greatest common divisor of p and 4270.
14
Let a = 179 + -367. Let g = a - -320. What is the highest common divisor of 44 and g?
44
Let x be 39/((27/(-42))/(-3)). Let z(v) = -51*v - 1. Let i be z(-1). Let d = i - 24. What is the highest common divisor of d and x?
26
Suppose -46*h - 799 = -891. Calculate the greatest common factor of h and 542.
2
Let x be 10*(-2)/6*(-9)/6. Suppose x*a - 11 = 4. Suppose -a*c + 2*c = 1, 0 = -l + 2*c + 9. Calculate the highest common divisor of 77 and l.
7
Suppose 38*y + 396 = 35*y. Let x = y - -186. What is the highest common divisor of 72 and x?
18
Suppose 4*d - 108 = -4*k, 5*k - 117 = 3*d + 18. What is the greatest common divisor of 207 and k?
9
Suppose -2*l + 1089 = l. Let w be ((-18)/(-10))/((-12)/1100*415/(-166)). What is the greatest common factor of w and l?
33
Suppose -5*j = 4*m - 706, -27*m - 5*j - 582 = -30*m. What is the highest common divisor of 16 and m?
8
Let o be -56 + 52 - ((-4)/(-3))/(2/(-192)). Calculate the highest common factor of 21948 and o.
124
Suppose 0 = 5*u - 0*u - 435. Let x be u + ((-9)/(-36) - 13/4). What is the greatest common factor of 12 and x?
12
Suppose -18*p + 15*p = 15, -5*x - 4*p = -30. Suppose 5*n + 15*v - 705 = x*v, -3*v + 9 = 0. What is the highest common divisor of 92 and n?
46
Let l(m) = 8*m + 235. Let p be l(-28). Suppose -1107 + 73 = -2*j. Calculate the greatest common factor of p and j.
11
Let h be 240/(-160) - (-2)/4. Let r be (12 - 8)*(1 - h). What is the highest common divisor of 13 and r?
1
Let r(n) = 2*n**3 + 10*n**2 - 22*n + 8. Let y be r(5). Let l = y - 244. Calculate the greatest common factor of 22 and l.
22
Let v = 6518 - 6080. What is the greatest common divisor of 5475 and v?
219
Let n(p) = -12*p - 72. Let b be n(-6). Let d(k) = k**3 - 3*k**2 + k + 1. Let m be d(b). What is the highest common factor of m and 1?
1
Suppose 0 = h - 2*k - 296, k - 108 = 5*h - 1624. Let a be 19*-3*(4 - 84/18). What is the highest common divisor of h and a?
38
Let o be 1440/135*(90/8)/3. Calculate the greatest common divisor of o and 26360.
40
Let v(a) = 6*a**2 - 7*a - 6. Suppose -12*x + 153 - 33 = 0. Let n = -12 + x. Let z be v(n). Calculate the greatest common factor of z and 352.
32
Let f be 470090/1305 - -3*2/(-108)*4. Calculate the greatest common divisor of 1170 and f.
90
Let v(w) = -w**2 + 6*w + 31. Let q be v(11). Let y be q/(-108) + 3884/18. What is the highest common divisor of y and 24?
24
Let o(i) = 191*i**2 + 14*i - 13. Let p = 628 + -627. Let v be o(p). Calculate the greatest common factor of 12 and v.
12
Let w = -2573 + 2603. What is the greatest common divisor of w and 10?
10
Suppose s + 3*q + 2*q = 23, -5*q = 3*s - 39. Let g be (-4)/(13/((-3666)/36))*-96. Let k be ((-1)/(-2))/((-47)/g). What is the highest common divisor of k and s?
8
Let p = 15731 + -4656. Calculate the highest common factor of 25 and p.
25
Suppose 33 = 2*b - 3*k, 2*k + 154 - 216 = -8*b. What is the greatest common divisor of b and 522?
9
Let y = -914 - -1782. Calculate the highest common divisor of y and 112.
28
Let x be (5/(-55) - (-955)/220)*88. What is the highest common divisor of x and 22?
22
Let u be (0 + (-798)/15)*(-1295)/74. What is the highest common factor of u and 171?
19
Let u = -21 + 23. Suppose -u*g = -3*g. Let x = 5 + g. What is the greatest common divisor of x and 2?
1
Let d(x) = x**3 + 7*x**2 + 14*x + 16. Let c be d(-4). What is the greatest common factor of 13672 and c?
8
Let s(h) = -h**3 - 16*h**2 - 8*h + 11. Let c be s(-15). Let m = -150 - -82. Let t = m - c. What is the highest common divisor of t and 182?
26
Let g be 2/1 + 582 - (-47 + 49). Suppose -3*z + 185 = d, -3*d + 4*z = -g + 40. Calculate the highest common factor of d and 56.
14
Let s(f) = 2*f**2 + 13*f - 34. Let n be s(-11). Suppose 62*z + 126 = n*z. What is the greatest common factor of 105 and z?
21
Let z(r) be the second derivative of 13*r**3/2 + r**2 + 8*r. Let l be z(-1). Let i = l + 82. Calculate the greatest common divisor of i and 360.
45
Let q(l) = -34*l + 1565. Let c be q(44). What is the greatest common divisor of 391 and c?
23
Suppose o = 2*v - 185 - 861, 2 = -o. What is the highest common factor of v and 290?
58
Let w = -88 - -88. Let d = w + 228. What is the highest common factor of 57 and d?
57
Suppose 0 = 3*t - 4*l + 884, -2*l - 866 = 3*t + 3*l. Let w = t + 367. Calculate the greatest common factor of w and 45.
15
Suppose -31*o + 9*o + 110 = 0. Suppose -o*b = -4*r - b + 140, -2*r + 5*b + 67 = 0. What is the highest common divisor of r and 108?
36
Suppose -j - 5*c + 93 = -6*c, j - 81 = -5*c. Suppose -6*l + 2*l = -q + 86, -q + 5*l + j = 0. What is the greatest common factor of q and 110?
22
Suppose -6*v - 24 - 84 = 0. Let k be (-297)/12*(3 - (-102)/v). Calculate the greatest common divisor of k and 6.
6
Suppose -5*v - 12*u + 11*u = -1567, 1283 = 4*v + 5*u. What is the greatest common factor of v and 273?
39
Let u be 576*(-14)/((-448)/24). Calculate the highest common divisor of 120 and u.
24
Let i be 81 + -78 - (-15273)/18*(0 - -4). What is the highest common divisor of i and 79?
79
Let k be 21/(-5) - (-31)/155. Let x be 10/k*(4 - 12). Calculate the highest common factor of x and 30.
10
Suppose 83*h - 78442 + 106906 = 296388. What is the greatest common factor of 12 and h?
12
Let h be (-70*12/(-150))/(((-5)/(-50))/1). Calculate the highest common factor of h and 343.
7
Suppose 3*o - 26 = 5*l, 4*l = 2*o + 7 - 23. Let m be (-2)/((-2)/o*2/15). Calculate the greatest common divisor of 120 and m.
30
Let n = 140 + -124. Suppose -4*i + 138 = -3*o, 3*o - 43 + n = -i. What is the greatest common factor of 55 and i?
11
Suppose -4*b + 2*n = -246, 5*b + 5*n - 117 = 228. Suppose 0 = -3*h + 6*h + 108. Let p = h + b. Calculate the greatest common divisor of p and 252.
28
Let h(a) = 99*a + 9 - 49*a - 51*a. Let u be h(5). Suppose 0 = -16*w + 15*w + u. Calculate the greatest common divisor of 44 and w.
4
Let j be (21 + -5)*3/(-6). Let d = 38 + j. Calculate the highest common factor of 20 and d.
10
Suppose 0 = 24*v - 0*v - 72. Let x be (-3136)/(-144) + (-2)/(-27)*v. What is the greatest common factor of 242 and x?
22
Let a be (-8)/(-27)*(-21)/14 + (-616595)/(-315). Calculate the highest common divisor of 57 and a.
19
Suppose 40*t - 36*t = -2*z + 53722, -53737 = -4*t + z. Calculate the greatest common divisor of 133 and t.
133
Suppose 135*w + 192*w - 96138 = 0. Calculate the greatest common factor of w and 2303.
49
Let i(a) = 2*a**3 - 4*a**2 + 6*a - 1. Let n be i(2). Suppose 4*u = -n*u + 105. Calculate the greatest common factor of 133 and u.
7
Suppose -o + 44 = -140. Let d = 187 + -188. Let p be d + 27 + 17 + -20. What is the highest common divisor of o and p?
23
Suppose -13*t - 54 = -14*t - 